{"id":822,"date":"2017-08-23T14:52:34","date_gmt":"2017-08-23T14:52:34","guid":{"rendered":"http:\/\/www.nicdarkthemes.com\/themes\/hotel\/wp\/demo\/hotel\/?page_id=822"},"modified":"2020-07-23T09:50:42","modified_gmt":"2020-07-23T09:50:42","slug":"experiencias","status":"publish","type":"page","link":"https:\/\/valdelaguacaravanpark.com\/index.php\/experiencias\/","title":{"rendered":"Experiencias"},"content":{"rendered":"<div class=\"wpb-content-wrapper\"><p>[vc_row full_width=\u00bbstretch_row_content_no_spaces\u00bb css=\u00bb.vc_custom_1595356012306{background-image: url(https:\/\/valdelaguacaravanpark.com\/wp-content\/uploads\/2020\/07\/wild-camping-in-the-camper-P2N5J49-scaled.jpg?id=1890) !important;background-position: center !important;background-repeat: no-repeat !important;background-size: cover !important;}\u00bb el_class=\u00bbnd_options_overflow_visible_important\u00bb][vc_column][vc_row_inner css=\u00bb.vc_custom_1486118361106{padding-top: 100px !important;padding-bottom: 100px !important;}\u00bb el_class=\u00bbnd_options_bg_greydark_alpha_gradient_3&#8243;][vc_column_inner width=\u00bb1\/3&#8243;][\/vc_column_inner][vc_column_inner width=\u00bb1\/3&#8243; css=\u00bb.vc_custom_1486118458781{padding: 20px !important;}\u00bb] <h1 style=\"color:#ffffff;padding:px;text-align:center;font-size:55px;line-height:55px;letter-spacing: px;font-weight:normal\" class=\"  nd_options_font_size_40_important_all_iphone nd_options_line_height_40_important_all_iphone nd_options_first_font \">EXPERIENCIAS<\/h1> <div style=\"background-color:;height: 20px\" class=\"nicdark_section  \"><\/div> <p style=\"color:#ffffff;padding:px;text-align:center;font-size:px;line-height:px;letter-spacing: 2px;font-weight:lighter\" class=\"   nd_options_second_font \">ENCUENTRA LOS MEJORES PLANES<\/p> <div style=\"background-color:;height: 40px\" class=\"nicdark_section  \"><\/div>[\/vc_column_inner][vc_column_inner width=\u00bb1\/3&#8243;][\/vc_column_inner][\/vc_row_inner][\/vc_column][\/vc_row][vc_row css=\u00bb.vc_custom_1503500566808{margin-top: 50px !important;margin-bottom: 50px !important;}\u00bb][vc_column css=\u00bb.vc_custom_1486118015473{padding-right: 0px !important;padding-left: 0px !important;}\u00bb]<!--START MASONRY--><div class=\"nd_options_section nd_options_masonry_content  \">\n\n\n\t    <div class=\" nd_options_width_33_percentage nd_options_float_left nd_options_padding_15 nd_options_box_sizing_border_box nd_options_masonry_item nd_options_width_100_percentage_responsive\">\n\t\t    <div class=\"nd_options_section nd_options_border_1_solid_grey nd_options_bg_white\">\n\n\t\t        <div class=\"nd_options_section nd_options_position_relative\">\n\t\t            \n\t\t            \n\n\n\t\t  \t<div class=\"nd_options_section nd_options_position_relative\">\n\t\t        <a href=\"https:\/\/valdelaguacaravanpark.com\/index.php\/2020\/07\/23\/moncayo\/\"><img decoding=\"async\" alt=\"\" class=\"nd_options_section lazyload\" data-src=\"https:\/\/valdelaguacaravanpark.com\/wp-content\/uploads\/2020\/07\/unnamed.jpg\" src=\"data:image\/svg+xml;base64,PHN2ZyB3aWR0aD0iMSIgaGVpZ2h0PSIxIiB4bWxucz0iaHR0cDovL3d3dy53My5vcmcvMjAwMC9zdmciPjwvc3ZnPg==\" style=\"--smush-placeholder-width: 512px; --smush-placeholder-aspect-ratio: 512\/311;\"><\/a>\n\t\t    <\/div>\n\n\t\t  \t\n\n\t\t        <\/div>\n\n\t\t        <div class=\"nd_options_section nd_options_padding_30 nd_options_box_sizing_border_box\">\n\t\t            <h5 class=\"nd_options_margin_0_important nd_options_padding_0 nd_options_second_font nd_options_color_greydark nd_options_font_size_12 nd_options_text_transform_uppercase nd_options_letter_spacing_3 nd_options_font_weight_lighter\">Experiencias <\/h5>\n\n\t\t            <div class=\"nd_options_section nd_options_height_15\"><\/div>\n\t \t\t\t\t<div class=\"nd_options_section nd_options_line_height_0\"><span class=\"nd_options_display_inline_block nd_options_float_left nd_options_bg_greydark nd_options_width_30 nd_options_height_1\"><\/span><\/div>\n\t \t\t\t\t<div class=\"nd_options_section nd_options_height_15\"><\/div>\n\n\t\t            <h2 class=\"nd_options_margin_0_important nd_options_padding_0 \">MONCAYO<\/h2>\n\t\t            <div class=\"nd_options_section nd_options_height_20\"><\/div>\n\t\t            <p class=\"nd_options_margin_0_important nd_options_padding_0\">[vc_row][vc_column width=\u00bb1\/2&#8243;][vc_column_text]El Moncayo o San Miguel es una monta\u00f1a del sistema Ib\u00e9rico situada entre las provincias de Zaragoza (Arag\u00f3n) y Soria (Castilla y Le\u00f3n) en Espa\u00f1a. Con sus 2314,30 m s. n. m., es la m\u00e1xima cumbre del sistema Ib\u00e9rico y uno de los picos m\u00e1s relevantes de la pen\u00ednsula ib\u00e9rica y el pico m\u00e1s [&hellip;]<\/p>\n\t\t            <div class=\"nd_options_section nd_options_height_20\"><\/div>\n\t\t            <a style=\"border: 2px solid #76b38f;color:#76b38f\" class=\"nd_options_display_inline_block nd_options_line_height_11 nd_options_text_align_center nd_options_box_sizing_border_box nd_options_font_size_11 nd_options_font_weight_bold nd_options_second_font nd_options_padding_15_30  \" href=\"https:\/\/valdelaguacaravanpark.com\/index.php\/2020\/07\/23\/moncayo\/\">LEE MAS<\/a>\n\n\t\t        <\/div>\n\n\t\t    <\/div>\n\t\t<\/div>\n\n\n\t  \n\n\n\t    <div class=\" nd_options_width_33_percentage nd_options_float_left nd_options_padding_15 nd_options_box_sizing_border_box nd_options_masonry_item nd_options_width_100_percentage_responsive\">\n\t\t    <div class=\"nd_options_section nd_options_border_1_solid_grey nd_options_bg_white\">\n\n\t\t        <div class=\"nd_options_section nd_options_position_relative\">\n\t\t            \n\t\t            \n\n\n\t\t  \t<div class=\"nd_options_section nd_options_position_relative\">\n\t\t        <a href=\"https:\/\/valdelaguacaravanpark.com\/index.php\/2020\/07\/23\/canon-del-rio-val\/\"><img decoding=\"async\" alt=\"\" class=\"nd_options_section lazyload\" data-src=\"https:\/\/valdelaguacaravanpark.com\/wp-content\/uploads\/2020\/07\/08-Dia3.-Ruta-\u00c1greda-Can\u00f3n-del-Val-32-810x540-1.jpg\" src=\"data:image\/svg+xml;base64,PHN2ZyB3aWR0aD0iMSIgaGVpZ2h0PSIxIiB4bWxucz0iaHR0cDovL3d3dy53My5vcmcvMjAwMC9zdmciPjwvc3ZnPg==\" style=\"--smush-placeholder-width: 810px; --smush-placeholder-aspect-ratio: 810\/540;\"><\/a>\n\t\t    <\/div>\n\n\t\t  \t\n\n\t\t        <\/div>\n\n\t\t        <div class=\"nd_options_section nd_options_padding_30 nd_options_box_sizing_border_box\">\n\t\t            <h5 class=\"nd_options_margin_0_important nd_options_padding_0 nd_options_second_font nd_options_color_greydark nd_options_font_size_12 nd_options_text_transform_uppercase nd_options_letter_spacing_3 nd_options_font_weight_lighter\">Experiencias <\/h5>\n\n\t\t            <div class=\"nd_options_section nd_options_height_15\"><\/div>\n\t \t\t\t\t<div class=\"nd_options_section nd_options_line_height_0\"><span class=\"nd_options_display_inline_block nd_options_float_left nd_options_bg_greydark nd_options_width_30 nd_options_height_1\"><\/span><\/div>\n\t \t\t\t\t<div class=\"nd_options_section nd_options_height_15\"><\/div>\n\n\t\t            <h2 class=\"nd_options_margin_0_important nd_options_padding_0 \">CA\u00d1ON DEL RIO VAL<\/h2>\n\t\t            <div class=\"nd_options_section nd_options_height_20\"><\/div>\n\t\t            <p class=\"nd_options_margin_0_important nd_options_padding_0\">[vc_row][vc_column][vc_column_text]Llega el fin de semana y quiz\u00e1 el tiempo nos deje disfrutar de la naturaleza. Una de las posibilidades que ofrece \u00c1greda es recorrer el sendero del Ca\u00f1\u00f3n del R\u00edo Val. Esta ruta de senderismo, perfectamente se\u00f1alizada por el ca\u00f1\u00f3n del R\u00edo Val, tiene su inicio en la propia Villa de las Tres Culturas. El [&hellip;]<\/p>\n\t\t            <div class=\"nd_options_section nd_options_height_20\"><\/div>\n\t\t            <a style=\"border: 2px solid #76b38f;color:#76b38f\" class=\"nd_options_display_inline_block nd_options_line_height_11 nd_options_text_align_center nd_options_box_sizing_border_box nd_options_font_size_11 nd_options_font_weight_bold nd_options_second_font nd_options_padding_15_30  \" href=\"https:\/\/valdelaguacaravanpark.com\/index.php\/2020\/07\/23\/canon-del-rio-val\/\">LEE MAS<\/a>\n\n\t\t        <\/div>\n\n\t\t    <\/div>\n\t\t<\/div>\n\n\n\t  <\/div><!--CLOSE MASONRY-->[\/vc_column][\/vc_row]<\/p>\n<\/div>","protected":false},"excerpt":{"rendered":"<p>[vc_row full_width=\u00bbstretch_row_content_no_spaces\u00bb css=\u00bb.vc_custom_1595356012306{background-image: url(https:\/\/valdelaguacaravanpark.com\/wp-content\/uploads\/2020\/07\/wild-camping-in-the-camper-P2N5J49-scaled.jpg?id=1890) !important;background-position: center !important;background-repeat: no-repeat !important;background-size: cover !important;}\u00bb el_class=\u00bbnd_options_overflow_visible_important\u00bb][vc_column][vc_row_inner css=\u00bb.vc_custom_1486118361106{padding-top: 100px !important;padding-bottom: 100px !important;}\u00bb el_class=\u00bbnd_options_bg_greydark_alpha_gradient_3&#8243;][vc_column_inner width=\u00bb1\/3&#8243;][\/vc_column_inner][vc_column_inner width=\u00bb1\/3&#8243; css=\u00bb.vc_custom_1486118458781{padding: 20px !important;}\u00bb][\/vc_column_inner][vc_column_inner width=\u00bb1\/3&#8243;][\/vc_column_inner][\/vc_row_inner][\/vc_column][\/vc_row][vc_row css=\u00bb.vc_custom_1503500566808{margin-top: 50px !important;margin-bottom: 50px !important;}\u00bb][vc_column css=\u00bb.vc_custom_1486118015473{padding-right: 0px !important;padding-left: 0px !important;}\u00bb][\/vc_column][\/vc_row]<\/p>\n","protected":false},"author":1,"featured_media":0,"parent":0,"menu_order":0,"comment_status":"closed","ping_status":"closed","template":"","meta":{"footnotes":""},"class_list":["post-822","page","type-page","status-publish","hentry"],"_links":{"self":[{"href":"https:\/\/valdelaguacaravanpark.com\/index.php\/wp-json\/wp\/v2\/pages\/822","targetHints":{"allow":["GET"]}}],"collection":[{"href":"https:\/\/valdelaguacaravanpark.com\/index.php\/wp-json\/wp\/v2\/pages"}],"about":[{"href":"https:\/\/valdelaguacaravanpark.com\/index.php\/wp-json\/wp\/v2\/types\/page"}],"author":[{"embeddable":true,"href":"https:\/\/valdelaguacaravanpark.com\/index.php\/wp-json\/wp\/v2\/users\/1"}],"replies":[{"embeddable":true,"href":"https:\/\/valdelaguacaravanpark.com\/index.php\/wp-json\/wp\/v2\/comments?post=822"}],"version-history":[{"count":7,"href":"https:\/\/valdelaguacaravanpark.com\/index.php\/wp-json\/wp\/v2\/pages\/822\/revisions"}],"predecessor-version":[{"id":1962,"href":"https:\/\/valdelaguacaravanpark.com\/index.php\/wp-json\/wp\/v2\/pages\/822\/revisions\/1962"}],"wp:attachment":[{"href":"https:\/\/valdelaguacaravanpark.com\/index.php\/wp-json\/wp\/v2\/media?parent=822"}],"curies":[{"name":"wp","href":"https:\/\/api.w.org\/{rel}","templated":true}]}}

<div class="wpb-content-wrapper"><p>[vc_row full_width=»stretch_row_content_no_spaces» css=».vc_custom_1595356012306{background-image: url(https://valdelaguacaravanpark.com/wp-content/uploads/2020/07/wild-camping-in-the-camper-P2N5J49-scaled.jpg?id=1890) !important;background-position: center !important;background-repeat: no-repeat !important;background-size: cover !important;}» el_class=»nd_options_overflow_visible_important»][vc_column][vc_row_inner css=».vc_custom_1486118361106{padding-top: 100px !important;padding-bottom: 100px !important;}» el_class=»nd_options_bg_greydark_alpha_gradient_3&#8243;][vc_column_inner width=»1/3&#8243;][/vc_column_inner][vc_column_inner width=»1/3&#8243; css=».vc_custom_1486118458781{padding: 20px !important;}»] <h1 style="color:#ffffff;padding:px;text-align:center;font-size:55px;line-height:55px;letter-spacing: px;font-weight:normal" class="  nd_options_font_size_40_important_all_iphone nd_options_line_height_40_important_all_iphone nd_options_first_font ">EXPERIENCIAS</h1> <div style="background-color:;height: 20px" class="nicdark_section  "></div> <p style="color:#ffffff;padding:px;text-align:center;font-size:px;line-height:px;letter-spacing: 2px;font-weight:lighter" class="   nd_options_second_font ">ENCUENTRA LOS MEJORES PLANES</p> <div style="background-color:;height: 40px" class="nicdark_section  "></div>[/vc_column_inner][vc_column_inner width=»1/3&#8243;][/vc_column_inner][/vc_row_inner][/vc_column][/vc_row][vc_row css=».vc_custom_1503500566808{margin-top: 50px !important;margin-bottom: 50px !important;}»][vc_column css=».vc_custom_1486118015473{padding-right: 0px !important;padding-left: 0px !important;}»]<!--START MASONRY--><div class="nd_options_section nd_options_masonry_content  ">


	    <div class=" nd_options_width_33_percentage nd_options_float_left nd_options_padding_15 nd_options_box_sizing_border_box nd_options_masonry_item nd_options_width_100_percentage_responsive">
		    <div class="nd_options_section nd_options_border_1_solid_grey nd_options_bg_white">

		        <div class="nd_options_section nd_options_position_relative">
		            
		            


		  	<div class="nd_options_section nd_options_position_relative">
		        <a href="https://valdelaguacaravanpark.com/index.php/2020/07/23/moncayo/"><img decoding="async" alt="" class="nd_options_section lazyload" data-src="https://valdelaguacaravanpark.com/wp-content/uploads/2020/07/unnamed.jpg" src="data:image/svg+xml;base64,PHN2ZyB3aWR0aD0iMSIgaGVpZ2h0PSIxIiB4bWxucz0iaHR0cDovL3d3dy53My5vcmcvMjAwMC9zdmciPjwvc3ZnPg==" style="--smush-placeholder-width: 512px; --smush-placeholder-aspect-ratio: 512/311;"></a>
		    </div>

		  	

		        </div>

		        <div class="nd_options_section nd_options_padding_30 nd_options_box_sizing_border_box">
		            <h5 class="nd_options_margin_0_important nd_options_padding_0 nd_options_second_font nd_options_color_greydark nd_options_font_size_12 nd_options_text_transform_uppercase nd_options_letter_spacing_3 nd_options_font_weight_lighter">Experiencias </h5>

		            <div class="nd_options_section nd_options_height_15"></div>
	 				<div class="nd_options_section nd_options_line_height_0"><span class="nd_options_display_inline_block nd_options_float_left nd_options_bg_greydark nd_options_width_30 nd_options_height_1"></span></div>
	 				<div class="nd_options_section nd_options_height_15"></div>

		            <h2 class="nd_options_margin_0_important nd_options_padding_0 ">MONCAYO</h2>
		            <div class="nd_options_section nd_options_height_20"></div>
		            <p class="nd_options_margin_0_important nd_options_padding_0">[vc_row][vc_column width=»1/2&#8243;][vc_column_text]El Moncayo o San Miguel es una montaña del sistema Ibérico situada entre las provincias de Zaragoza (Aragón) y Soria (Castilla y León) en España. Con sus 2314,30 m s. n. m., es la máxima cumbre del sistema Ibérico y uno de los picos más relevantes de la península ibérica y el pico más [&hellip;]</p>
		            <div class="nd_options_section nd_options_height_20"></div>
		            <a style="border: 2px solid #76b38f;color:#76b38f" class="nd_options_display_inline_block nd_options_line_height_11 nd_options_text_align_center nd_options_box_sizing_border_box nd_options_font_size_11 nd_options_font_weight_bold nd_options_second_font nd_options_padding_15_30  " href="https://valdelaguacaravanpark.com/index.php/2020/07/23/moncayo/">LEE MAS</a>

		        </div>

		    </div>
		</div>


	  


	    <div class=" nd_options_width_33_percentage nd_options_float_left nd_options_padding_15 nd_options_box_sizing_border_box nd_options_masonry_item nd_options_width_100_percentage_responsive">
		    <div class="nd_options_section nd_options_border_1_solid_grey nd_options_bg_white">

		        <div class="nd_options_section nd_options_position_relative">
		            
		            


		  	<div class="nd_options_section nd_options_position_relative">
		        <a href="https://valdelaguacaravanpark.com/index.php/2020/07/23/canon-del-rio-val/"><img decoding="async" alt="" class="nd_options_section lazyload" data-src="https://valdelaguacaravanpark.com/wp-content/uploads/2020/07/08-Dia3.-Ruta-Ágreda-Canón-del-Val-32-810x540-1.jpg" src="data:image/svg+xml;base64,PHN2ZyB3aWR0aD0iMSIgaGVpZ2h0PSIxIiB4bWxucz0iaHR0cDovL3d3dy53My5vcmcvMjAwMC9zdmciPjwvc3ZnPg==" style="--smush-placeholder-width: 810px; --smush-placeholder-aspect-ratio: 810/540;"></a>
		    </div>

		  	

		        </div>

		        <div class="nd_options_section nd_options_padding_30 nd_options_box_sizing_border_box">
		            <h5 class="nd_options_margin_0_important nd_options_padding_0 nd_options_second_font nd_options_color_greydark nd_options_font_size_12 nd_options_text_transform_uppercase nd_options_letter_spacing_3 nd_options_font_weight_lighter">Experiencias </h5>

		            <div class="nd_options_section nd_options_height_15"></div>
	 				<div class="nd_options_section nd_options_line_height_0"><span class="nd_options_display_inline_block nd_options_float_left nd_options_bg_greydark nd_options_width_30 nd_options_height_1"></span></div>
	 				<div class="nd_options_section nd_options_height_15"></div>

		            <h2 class="nd_options_margin_0_important nd_options_padding_0 ">CAÑON DEL RIO VAL</h2>
		            <div class="nd_options_section nd_options_height_20"></div>
		            <p class="nd_options_margin_0_important nd_options_padding_0">[vc_row][vc_column][vc_column_text]Llega el fin de semana y quizá el tiempo nos deje disfrutar de la naturaleza. Una de las posibilidades que ofrece Ágreda es recorrer el sendero del Cañón del Río Val. Esta ruta de senderismo, perfectamente señalizada por el cañón del Río Val, tiene su inicio en la propia Villa de las Tres Culturas. El [&hellip;]</p>
		            <div class="nd_options_section nd_options_height_20"></div>
		            <a style="border: 2px solid #76b38f;color:#76b38f" class="nd_options_display_inline_block nd_options_line_height_11 nd_options_text_align_center nd_options_box_sizing_border_box nd_options_font_size_11 nd_options_font_weight_bold nd_options_second_font nd_options_padding_15_30  " href="https://valdelaguacaravanpark.com/index.php/2020/07/23/canon-del-rio-val/">LEE MAS</a>

		        </div>

		    </div>
		</div>


	  </div><!--CLOSE MASONRY-->[/vc_column][/vc_row]</p>
</div>
