{"id":2043,"date":"2020-08-18T15:19:50","date_gmt":"2020-08-18T15:19:50","guid":{"rendered":"https:\/\/valdelaguacaravanpark.com\/?page_id=2043"},"modified":"2020-08-18T15:19:50","modified_gmt":"2020-08-18T15:19:50","slug":"mirador","status":"publish","type":"page","link":"https:\/\/valdelaguacaravanpark.com\/index.php\/mirador\/","title":{"rendered":"Mirador"},"content":{"rendered":"<div class=\"wpb-content-wrapper\"><p>[vc_row][vc_column][vc_tta_tabs][vc_tta_section title=\u00bbEspa\u00f1ol\u00bb tab_id=\u00bb1597763878149-0d5fe18c-799f\u00bb][vc_column_text]<strong><u>NORTE<\/u><\/strong><\/p>\n<p>&nbsp;<\/p>\n<p>En direcci\u00f3n norte se divisa la caracter\u00edstica Sierra de Alcarama perteneciente al sistema Ib\u00e9rico y que puede entenderse como la linde natural entre la provincia de Soria y la Comunidad de la Rioja. Destacan sus profundos barrancos y las hoces de los r\u00edos Alhama, Linares y A\u00f1amaza, especialmente en los t\u00e9rminos municipales de Cornago, Cervera y Aguilar del R\u00edo Alhama. Son comunes el monte bajo escler\u00f3filo, los h\u00e1bitats rocosos formando acantilados de interior de gran altura.<\/p>\n<p>&nbsp;<\/p>\n<p>Cabe destacar la presencia de sus m\u00e1ximas cotas, representadas en:<\/p>\n<ul>\n<li>Alcarama (1531 m.)<\/li>\n<li>Alto de la Nevera (1.365 m.)<\/li>\n<li>Alto de la Paro\u00f1era (1.454 m.)<\/li>\n<li>Calder\u00f3n (1.511 m.)<\/li>\n<\/ul>\n<p>&nbsp;<\/p>\n<p>Para alcanzar la Sierra de Alcarama es preciso cruzar el r\u00edo Alhama, afluente de la margen derecha del r\u00edo Ebro. La vega del r\u00edo Alhama adquiere un especial valor sentimental para los habitantes del Valdelagua, pues es all\u00ed donde, gracias a sus aguas, consegu\u00edan desarrollar el cultivo de regad\u00edo, tan ansiado en la llanura. Un complejo entramado de acequias, azudes y tajaderas consegu\u00edan reconducir el agua para regar, en funci\u00f3n del d\u00eda de la semana, las Huertas de nuestros antepasados.<\/p>\n<p>&nbsp;<\/p>\n<p><strong><u>\u00a0<\/u><\/strong><\/p>\n<p><strong><u>\u00a0<\/u><\/strong><\/p>\n<p><strong><u>ESTE<\/u><\/strong><\/p>\n<p>&nbsp;<\/p>\n<p>Teniendo una de las mejores vistas del pueblo de Valdelagua, en lontananza se adivina el Alto de las Talayas y el de la Bandera (v\u00e9rtice geod\u00e9sico con inmejorable valor paisaj\u00edstico). En el valle, el r\u00edo atraviesa la localidad de Cigudosa. Siguiendo el sentido horario, y con Castilruiz a la vista, podemos imaginar la peculiar carretera que lo une a San Felices, \u00faltimo municipio soriano antes de adentrarnos en dominios riojanos. Dejando el terreno m\u00e1s escarpado, se nos presenta la llanura caracter\u00edstica de las tierras de \u00c1greda, con A\u00f1avieja, D\u00e9vanos, Muro, Matalebreras, etc. Tierra de cereal y rectas interminables.<\/p>\n<p>&nbsp;<\/p>\n<p>Finalmente nos topamos, en las faldas del Moncayo, con municipios como Vozmediano, Aldehuela de \u00c1greda y Cueva de \u00c1greda. Dichas localidades amurallan al imponente Moncayo que, con sus 2314,30 m s. n. m., es la m\u00e1xima cumbre del sistema Ib\u00e9rico y uno de los picos m\u00e1s relevantes de la pen\u00ednsula ib\u00e9rica. Innumerables son las leyendas que versan sobre \u00e9l, as\u00ed como la gran cantidad de rutas y senderos que nos llevan a su cumbre, siendo la m\u00e1s com\u00fan la que parte del Santuario de la Virgen del Moncayo. La riqueza vegetal y faun\u00edsticas es inigualable convirti\u00e9ndose, y compartido con la provincia de Zaragoza, el pulm\u00f3n de la comarca de Tierras Altas.<\/p>\n<p>&nbsp;<\/p>\n<p><strong><u>\u00a0<\/u><\/strong><\/p>\n<p><strong><u>\u00a0<\/u><\/strong><\/p>\n<p><strong><u>SUR<\/u><\/strong><\/p>\n<p>&nbsp;<\/p>\n<p>Dejando en la lejan\u00eda pueblos como \u00d3lvega, Montenegro o Fuestestr\u00fan; podemos divisar Tr\u00e9bago a las faldas de la Sierra del Madero. Es dicha sierra la que, al sur, no nos permite ver la ingente llanura de las tierras de G\u00f3mara, parte de la Castilla escrita por Machado y B\u00e9cquer condensada en enormes extensiones de cereal y solitarias carrascas.<\/p>\n<p>&nbsp;<\/p>\n<p>La Sierra del Madero delimita la Tierra de \u00c1greda y recientemente ha sido fruto de la proliferaci\u00f3n de aerogeneradores que aprovechan los cerros para abastecer la central el\u00e9ctrica que se observa a las faldas de los montes de Tr\u00e9bago. Los robledales, hayedos y encinares son ricos en fauna y vegetaci\u00f3n, contienen un amplio entramado de senderos y caminos pecuarios para realizar infinidad de rutas de cicloturismo o senderismo. Se ha convertido tambi\u00e9n en un importante activo para los amantes de la micolog\u00eda, pues se pueden encontrar setas y hongos durante buena parte del a\u00f1o. Como principales cerros que se divisan antes de llegar a la carretera nacional N-122 que une Zaragoza con la capital soriana, cabe destacar el Alto de la Modorra y el Prado Caballero con 1.454 y 1.457 metros respectivamente.<\/p>\n<p>&nbsp;<\/p>\n<p>&nbsp;<\/p>\n<p><strong><u>OESTE<\/u><\/strong><\/p>\n<p>&nbsp;<\/p>\n<p>Finalmente, con la mirada puesta en la capital de provincia, Soria, el Madero sigue haciendo de barrera visual para no dejarnos vislumbrar la ruta alternativa a la carretera nacional 122 para llegar a orillas del Duero. Desde el paraje de la Fuente la Casa, abrevadero para caballer\u00edas y ganado, se asciende por una entretenida carretera que atraviesa pueblos entra\u00f1ables y de gran belleza como El Espino, Suellacabras, Narros, Renieblas, etc. Suellacabras es precisamente el origen del r\u00edo Alhama que posteriormente pasa por Maga\u00f1a, localidad con castillo a la que se puede llegar desde Almajano realizando un recorrido circular entra\u00f1able.<\/p>\n<p>&nbsp;<\/p>\n<p>Finalmente, cabe destacar que todos los parajes, montes y veredas que desde aqu\u00ed se atisban est\u00e1n poblados por una fauna y flora envidiable, confiri\u00e9ndole al entorno una excelencia y pureza perdurables. En cuanto a vegetaci\u00f3n se puede encontrar pino, encina, olmo, chopo y roble. Por su parte, el sotobosque est\u00e1 poblado principalmente por plantas y arbustos como tomillo, romero, retama, aliaga o salvia entre muchas otras. Brincan entre la maleza especies aut\u00f3ctonas como el ciervo, el corzo, el jabal\u00ed, la comadreja, la liebre, el conejo, la perdiz roja, el erizo, la gardu\u00f1a, el gato mont\u00e9s, la gineta, el lir\u00f3n careto, el tej\u00f3n o el zorro, entre infinidad m\u00e1s.<\/p>\n<p>&nbsp;<\/p>\n<p>[\/vc_column_text][\/vc_tta_section][vc_tta_section title=\u00bbIngl\u00e9s\u00bb tab_id=\u00bb1597763878162-36264890-08dc\u00bb][vc_column_text]<\/p>\n<audio class=\"wp-audio-shortcode\" id=\"audio-2043-1\" preload=\"none\" style=\"width: 100%;\" controls=\"controls\"><source type=\"audio\/mpeg\" src=\"https:\/\/valdelaguacaravanpark.com\/wp-content\/uploads\/2020\/08\/10_QR_panel_paraje_ENG.mp3?_=1\" \/><a href=\"https:\/\/valdelaguacaravanpark.com\/wp-content\/uploads\/2020\/08\/10_QR_panel_paraje_ENG.mp3\">https:\/\/valdelaguacaravanpark.com\/wp-content\/uploads\/2020\/08\/10_QR_panel_paraje_ENG.mp3<\/a><\/audio>\n<p>[\/vc_column_text][\/vc_tta_section][\/vc_tta_tabs][\/vc_column][\/vc_row][vc_row][vc_column][vc_column_text]<img decoding=\"async\" class=\"aligncenter wp-image-1763 size-large lazyload\" data-src=\"https:\/\/valdelaguacaravanpark.com\/wp-content\/uploads\/2020\/07\/Screenshot_1-1024x487.png\" alt=\"\" width=\"1024\" height=\"487\" data-srcset=\"https:\/\/valdelaguacaravanpark.com\/wp-content\/uploads\/2020\/07\/Screenshot_1-1024x487.png 1024w, https:\/\/valdelaguacaravanpark.com\/wp-content\/uploads\/2020\/07\/Screenshot_1-600x285.png 600w, https:\/\/valdelaguacaravanpark.com\/wp-content\/uploads\/2020\/07\/Screenshot_1-300x143.png 300w, https:\/\/valdelaguacaravanpark.com\/wp-content\/uploads\/2020\/07\/Screenshot_1-768x365.png 768w, https:\/\/valdelaguacaravanpark.com\/wp-content\/uploads\/2020\/07\/Screenshot_1.png 1403w\" data-sizes=\"(max-width: 1024px) 100vw, 1024px\" src=\"data:image\/svg+xml;base64,PHN2ZyB3aWR0aD0iMSIgaGVpZ2h0PSIxIiB4bWxucz0iaHR0cDovL3d3dy53My5vcmcvMjAwMC9zdmciPjwvc3ZnPg==\" style=\"--smush-placeholder-width: 1024px; --smush-placeholder-aspect-ratio: 1024\/487;\" \/>[\/vc_column_text][\/vc_column][\/vc_row]<\/p>\n<\/div>","protected":false},"excerpt":{"rendered":"<p>[vc_row][vc_column][vc_tta_tabs][vc_tta_section title=\u00bbEspa\u00f1ol\u00bb tab_id=\u00bb1597763878149-0d5fe18c-799f\u00bb][vc_column_text]NORTE &nbsp; En direcci\u00f3n norte se divisa la caracter\u00edstica Sierra de Alcarama perteneciente al sistema Ib\u00e9rico y que puede entenderse como la linde natural entre la provincia de Soria y la Comunidad de la Rioja. Destacan sus profundos barrancos y las hoces de los r\u00edos Alhama, Linares y A\u00f1amaza, especialmente en los t\u00e9rminos [&hellip;]<\/p>\n","protected":false},"author":1,"featured_media":0,"parent":0,"menu_order":0,"comment_status":"closed","ping_status":"closed","template":"","meta":{"footnotes":""},"class_list":["post-2043","page","type-page","status-publish","hentry"],"_links":{"self":[{"href":"https:\/\/valdelaguacaravanpark.com\/index.php\/wp-json\/wp\/v2\/pages\/2043","targetHints":{"allow":["GET"]}}],"collection":[{"href":"https:\/\/valdelaguacaravanpark.com\/index.php\/wp-json\/wp\/v2\/pages"}],"about":[{"href":"https:\/\/valdelaguacaravanpark.com\/index.php\/wp-json\/wp\/v2\/types\/page"}],"author":[{"embeddable":true,"href":"https:\/\/valdelaguacaravanpark.com\/index.php\/wp-json\/wp\/v2\/users\/1"}],"replies":[{"embeddable":true,"href":"https:\/\/valdelaguacaravanpark.com\/index.php\/wp-json\/wp\/v2\/comments?post=2043"}],"version-history":[{"count":1,"href":"https:\/\/valdelaguacaravanpark.com\/index.php\/wp-json\/wp\/v2\/pages\/2043\/revisions"}],"predecessor-version":[{"id":2044,"href":"https:\/\/valdelaguacaravanpark.com\/index.php\/wp-json\/wp\/v2\/pages\/2043\/revisions\/2044"}],"wp:attachment":[{"href":"https:\/\/valdelaguacaravanpark.com\/index.php\/wp-json\/wp\/v2\/media?parent=2043"}],"curies":[{"name":"wp","href":"https:\/\/api.w.org\/{rel}","templated":true}]}}

<div class="wpb-content-wrapper"><p>[vc_row][vc_column][vc_tta_tabs][vc_tta_section title=»Español» tab_id=»1597763878149-0d5fe18c-799f»][vc_column_text]<strong><u>NORTE</u></strong></p>
<p>&nbsp;</p>
<p>En dirección norte se divisa la característica Sierra de Alcarama perteneciente al sistema Ibérico y que puede entenderse como la linde natural entre la provincia de Soria y la Comunidad de la Rioja. Destacan sus profundos barrancos y las hoces de los ríos Alhama, Linares y Añamaza, especialmente en los términos municipales de Cornago, Cervera y Aguilar del Río Alhama. Son comunes el monte bajo esclerófilo, los hábitats rocosos formando acantilados de interior de gran altura.</p>
<p>&nbsp;</p>
<p>Cabe destacar la presencia de sus máximas cotas, representadas en:</p>
<ul>
<li>Alcarama (1531 m.)</li>
<li>Alto de la Nevera (1.365 m.)</li>
<li>Alto de la Paroñera (1.454 m.)</li>
<li>Calderón (1.511 m.)</li>
</ul>
<p>&nbsp;</p>
<p>Para alcanzar la Sierra de Alcarama es preciso cruzar el río Alhama, afluente de la margen derecha del río Ebro. La vega del río Alhama adquiere un especial valor sentimental para los habitantes del Valdelagua, pues es allí donde, gracias a sus aguas, conseguían desarrollar el cultivo de regadío, tan ansiado en la llanura. Un complejo entramado de acequias, azudes y tajaderas conseguían reconducir el agua para regar, en función del día de la semana, las Huertas de nuestros antepasados.</p>
<p>&nbsp;</p>
<p><strong><u> </u></strong></p>
<p><strong><u> </u></strong></p>
<p><strong><u>ESTE</u></strong></p>
<p>&nbsp;</p>
<p>Teniendo una de las mejores vistas del pueblo de Valdelagua, en lontananza se adivina el Alto de las Talayas y el de la Bandera (vértice geodésico con inmejorable valor paisajístico). En el valle, el río atraviesa la localidad de Cigudosa. Siguiendo el sentido horario, y con Castilruiz a la vista, podemos imaginar la peculiar carretera que lo une a San Felices, último municipio soriano antes de adentrarnos en dominios riojanos. Dejando el terreno más escarpado, se nos presenta la llanura característica de las tierras de Ágreda, con Añavieja, Dévanos, Muro, Matalebreras, etc. Tierra de cereal y rectas interminables.</p>
<p>&nbsp;</p>
<p>Finalmente nos topamos, en las faldas del Moncayo, con municipios como Vozmediano, Aldehuela de Ágreda y Cueva de Ágreda. Dichas localidades amurallan al imponente Moncayo que, con sus 2314,30 m s. n. m., es la máxima cumbre del sistema Ibérico y uno de los picos más relevantes de la península ibérica. Innumerables son las leyendas que versan sobre él, así como la gran cantidad de rutas y senderos que nos llevan a su cumbre, siendo la más común la que parte del Santuario de la Virgen del Moncayo. La riqueza vegetal y faunísticas es inigualable convirtiéndose, y compartido con la provincia de Zaragoza, el pulmón de la comarca de Tierras Altas.</p>
<p>&nbsp;</p>
<p><strong><u> </u></strong></p>
<p><strong><u> </u></strong></p>
<p><strong><u>SUR</u></strong></p>
<p>&nbsp;</p>
<p>Dejando en la lejanía pueblos como Ólvega, Montenegro o Fuestestrún; podemos divisar Trébago a las faldas de la Sierra del Madero. Es dicha sierra la que, al sur, no nos permite ver la ingente llanura de las tierras de Gómara, parte de la Castilla escrita por Machado y Bécquer condensada en enormes extensiones de cereal y solitarias carrascas.</p>
<p>&nbsp;</p>
<p>La Sierra del Madero delimita la Tierra de Ágreda y recientemente ha sido fruto de la proliferación de aerogeneradores que aprovechan los cerros para abastecer la central eléctrica que se observa a las faldas de los montes de Trébago. Los robledales, hayedos y encinares son ricos en fauna y vegetación, contienen un amplio entramado de senderos y caminos pecuarios para realizar infinidad de rutas de cicloturismo o senderismo. Se ha convertido también en un importante activo para los amantes de la micología, pues se pueden encontrar setas y hongos durante buena parte del año. Como principales cerros que se divisan antes de llegar a la carretera nacional N-122 que une Zaragoza con la capital soriana, cabe destacar el Alto de la Modorra y el Prado Caballero con 1.454 y 1.457 metros respectivamente.</p>
<p>&nbsp;</p>
<p>&nbsp;</p>
<p><strong><u>OESTE</u></strong></p>
<p>&nbsp;</p>
<p>Finalmente, con la mirada puesta en la capital de provincia, Soria, el Madero sigue haciendo de barrera visual para no dejarnos vislumbrar la ruta alternativa a la carretera nacional 122 para llegar a orillas del Duero. Desde el paraje de la Fuente la Casa, abrevadero para caballerías y ganado, se asciende por una entretenida carretera que atraviesa pueblos entrañables y de gran belleza como El Espino, Suellacabras, Narros, Renieblas, etc. Suellacabras es precisamente el origen del río Alhama que posteriormente pasa por Magaña, localidad con castillo a la que se puede llegar desde Almajano realizando un recorrido circular entrañable.</p>
<p>&nbsp;</p>
<p>Finalmente, cabe destacar que todos los parajes, montes y veredas que desde aquí se atisban están poblados por una fauna y flora envidiable, confiriéndole al entorno una excelencia y pureza perdurables. En cuanto a vegetación se puede encontrar pino, encina, olmo, chopo y roble. Por su parte, el sotobosque está poblado principalmente por plantas y arbustos como tomillo, romero, retama, aliaga o salvia entre muchas otras. Brincan entre la maleza especies autóctonas como el ciervo, el corzo, el jabalí, la comadreja, la liebre, el conejo, la perdiz roja, el erizo, la garduña, el gato montés, la gineta, el lirón careto, el tejón o el zorro, entre infinidad más.</p>
<p>&nbsp;</p>
<p>[/vc_column_text][/vc_tta_section][vc_tta_section title=»Inglés» tab_id=»1597763878162-36264890-08dc»][vc_column_text]</p>
<audio class="wp-audio-shortcode" id="audio-2043-1" preload="none" style="width: 100%;" controls="controls"><source type="audio/mpeg" src="https://valdelaguacaravanpark.com/wp-content/uploads/2020/08/10_QR_panel_paraje_ENG.mp3?_=1" /><a href="https://valdelaguacaravanpark.com/wp-content/uploads/2020/08/10_QR_panel_paraje_ENG.mp3">https://valdelaguacaravanpark.com/wp-content/uploads/2020/08/10_QR_panel_paraje_ENG.mp3</a></audio>
<p>[/vc_column_text][/vc_tta_section][/vc_tta_tabs][/vc_column][/vc_row][vc_row][vc_column][vc_column_text]<img decoding="async" class="aligncenter wp-image-1763 size-large lazyload" data-src="https://valdelaguacaravanpark.com/wp-content/uploads/2020/07/Screenshot_1-1024x487.png" alt="" width="1024" height="487" data-srcset="https://valdelaguacaravanpark.com/wp-content/uploads/2020/07/Screenshot_1-1024x487.png 1024w, https://valdelaguacaravanpark.com/wp-content/uploads/2020/07/Screenshot_1-600x285.png 600w, https://valdelaguacaravanpark.com/wp-content/uploads/2020/07/Screenshot_1-300x143.png 300w, https://valdelaguacaravanpark.com/wp-content/uploads/2020/07/Screenshot_1-768x365.png 768w, https://valdelaguacaravanpark.com/wp-content/uploads/2020/07/Screenshot_1.png 1403w" data-sizes="(max-width: 1024px) 100vw, 1024px" src="data:image/svg+xml;base64,PHN2ZyB3aWR0aD0iMSIgaGVpZ2h0PSIxIiB4bWxucz0iaHR0cDovL3d3dy53My5vcmcvMjAwMC9zdmciPjwvc3ZnPg==" style="--smush-placeholder-width: 1024px; --smush-placeholder-aspect-ratio: 1024/487;" />[/vc_column_text][/vc_column][/vc_row]</p>
</div>

<p>[vc_row][vc_column][vc_tta_tabs][vc_tta_section title=»Español» tab_id=»1597763878149-0d5fe18c-799f»][vc_column_text]NORTE &nbsp; En dirección norte se divisa la característica Sierra de Alcarama perteneciente al sistema Ibérico y que puede entenderse como la linde natural entre la provincia de Soria y la Comunidad de la Rioja. Destacan sus profundos barrancos y las hoces de los ríos Alhama, Linares y Añamaza, especialmente en los términos [&hellip;]</p>
