{"id":2039,"date":"2020-08-18T15:12:56","date_gmt":"2020-08-18T15:12:56","guid":{"rendered":"https:\/\/valdelaguacaravanpark.com\/?page_id=2039"},"modified":"2020-08-18T15:12:56","modified_gmt":"2020-08-18T15:12:56","slug":"valdelagua-del-cerro","status":"publish","type":"page","link":"https:\/\/valdelaguacaravanpark.com\/index.php\/valdelagua-del-cerro\/","title":{"rendered":"VALDELAGUA DEL CERRO"},"content":{"rendered":"<div class=\"wpb-content-wrapper\"><p>[vc_row][vc_column][vc_column_text]<strong><img decoding=\"async\" class=\"aligncenter wp-image-2040 size-full lazyload\" data-src=\"https:\/\/valdelaguacaravanpark.com\/wp-content\/uploads\/2020\/08\/CABECERO-PANELES-INFORMATIVOS-copia.jpg\" alt=\"\" width=\"1529\" height=\"180\" data-srcset=\"https:\/\/valdelaguacaravanpark.com\/wp-content\/uploads\/2020\/08\/CABECERO-PANELES-INFORMATIVOS-copia.jpg 1529w, https:\/\/valdelaguacaravanpark.com\/wp-content\/uploads\/2020\/08\/CABECERO-PANELES-INFORMATIVOS-copia-300x35.jpg 300w, https:\/\/valdelaguacaravanpark.com\/wp-content\/uploads\/2020\/08\/CABECERO-PANELES-INFORMATIVOS-copia-1024x121.jpg 1024w, https:\/\/valdelaguacaravanpark.com\/wp-content\/uploads\/2020\/08\/CABECERO-PANELES-INFORMATIVOS-copia-768x90.jpg 768w, https:\/\/valdelaguacaravanpark.com\/wp-content\/uploads\/2020\/08\/CABECERO-PANELES-INFORMATIVOS-copia-600x71.jpg 600w\" data-sizes=\"(max-width: 1529px) 100vw, 1529px\" src=\"data:image\/svg+xml;base64,PHN2ZyB3aWR0aD0iMSIgaGVpZ2h0PSIxIiB4bWxucz0iaHR0cDovL3d3dy53My5vcmcvMjAwMC9zdmciPjwvc3ZnPg==\" style=\"--smush-placeholder-width: 1529px; --smush-placeholder-aspect-ratio: 1529\/180;\" \/><\/strong><\/p>\n<p>[\/vc_column_text][vc_tta_tabs][vc_tta_section title=\u00bbEspa\u00f1ol\u00bb tab_id=\u00bb1597763482170-115c728c-40c4&#8243;][vc_column_text]<\/p>\n<p><strong>VALDELAGUA DEL CERRO<\/strong> es una poblaci\u00f3n de origen incierto. A pesar de su privilegiada posici\u00f3n estrat\u00e9gica en lo alto de un cerro, dominando un extenso territorio de este a oeste, no parece tener la antig\u00fcedad de algunos pueblos cercanos, ni hay vestigios arqueol\u00f3gicos que lo atestig\u00fcen. Es probable que su nacimiento y desarrollo est\u00e9 ligado al progreso de la ganader\u00eda lanar en la Castilla de la Baja Edad Media. La modernidad del top\u00f3nimo del pueblo vendr\u00eda a coincidir con esta circunstancia temporal, lo mismo que la posible construcci\u00f3n de la iglesia parroquial, un poco posterior y datable a comienzos del s. XVI<\/p>\n<p>No obstante, en la misma l\u00ednea apuntada de su posici\u00f3n estrat\u00e9gica, existe una opini\u00f3n que se\u00f1ala el origen de Valdelagua como posici\u00f3n militar, teor\u00eda que se apoya en la denominaci\u00f3n \u201c<em>El castillo<\/em>\u201d, que se aplica a la zona del extremo norte de la poblaci\u00f3n.<\/p>\n<p>&nbsp;<\/p>\n<p>&nbsp;<\/p>\n<p>Ambas teor\u00edas son compatibles, y a\u00fan complementarias, en tanto que al aprovechamiento de los pastos del lugar y el correspondiente asentamiento de la caba\u00f1a ganadera, se ver\u00eda necesario establecer un punto defensivo y de vigilancia en prevenci\u00f3n del robo de ganado. Pero con ser importante mantener la propiedad de tierras y reses, a\u00fan lo ser\u00eda m\u00e1s la vigilancia que pod\u00eda establecerse en estos cerros sobre la tierra llana de La Laguna de A\u00f1avieja y sobre el cauce del r\u00edo Alhama, paso natural de acceso desde el Valle del Ebro a la Meseta, especialmente valioso en estas tierras de frontera. Con el asentamiento territorial de los diferentes reinos hisp\u00e1nicos, ir\u00eda decayendo esta funci\u00f3n estrat\u00e9gica.[\/vc_column_text][\/vc_tta_section][vc_tta_section title=\u00bbIngl\u00e9s\u00bb tab_id=\u00bb1597763540016-7c9a223b-df3b\u00bb][vc_column_text]<\/p>\n<audio class=\"wp-audio-shortcode\" id=\"audio-2039-1\" preload=\"none\" style=\"width: 100%;\" controls=\"controls\"><source type=\"audio\/mpeg\" src=\"https:\/\/valdelaguacaravanpark.com\/wp-content\/uploads\/2020\/08\/6_QR_historia_pueblo_ENG.mp3?_=1\" \/><a href=\"https:\/\/valdelaguacaravanpark.com\/wp-content\/uploads\/2020\/08\/6_QR_historia_pueblo_ENG.mp3\">https:\/\/valdelaguacaravanpark.com\/wp-content\/uploads\/2020\/08\/6_QR_historia_pueblo_ENG.mp3<\/a><\/audio>\n<p>[\/vc_column_text][\/vc_tta_section][\/vc_tta_tabs][\/vc_column][\/vc_row]<\/p>\n<\/div>","protected":false},"excerpt":{"rendered":"<p>[vc_row][vc_column][vc_column_text] [\/vc_column_text][vc_tta_tabs][vc_tta_section title=\u00bbEspa\u00f1ol\u00bb tab_id=\u00bb1597763482170-115c728c-40c4&#8243;][vc_column_text] VALDELAGUA DEL CERRO es una poblaci\u00f3n de origen incierto. A pesar de su privilegiada posici\u00f3n estrat\u00e9gica en lo alto de un cerro, dominando un extenso territorio de este a oeste, no parece tener la antig\u00fcedad de algunos pueblos cercanos, ni hay vestigios arqueol\u00f3gicos que lo atestig\u00fcen. Es probable que su nacimiento [&hellip;]<\/p>\n","protected":false},"author":1,"featured_media":0,"parent":0,"menu_order":0,"comment_status":"closed","ping_status":"closed","template":"","meta":{"footnotes":""},"class_list":["post-2039","page","type-page","status-publish","hentry"],"_links":{"self":[{"href":"https:\/\/valdelaguacaravanpark.com\/index.php\/wp-json\/wp\/v2\/pages\/2039","targetHints":{"allow":["GET"]}}],"collection":[{"href":"https:\/\/valdelaguacaravanpark.com\/index.php\/wp-json\/wp\/v2\/pages"}],"about":[{"href":"https:\/\/valdelaguacaravanpark.com\/index.php\/wp-json\/wp\/v2\/types\/page"}],"author":[{"embeddable":true,"href":"https:\/\/valdelaguacaravanpark.com\/index.php\/wp-json\/wp\/v2\/users\/1"}],"replies":[{"embeddable":true,"href":"https:\/\/valdelaguacaravanpark.com\/index.php\/wp-json\/wp\/v2\/comments?post=2039"}],"version-history":[{"count":1,"href":"https:\/\/valdelaguacaravanpark.com\/index.php\/wp-json\/wp\/v2\/pages\/2039\/revisions"}],"predecessor-version":[{"id":2041,"href":"https:\/\/valdelaguacaravanpark.com\/index.php\/wp-json\/wp\/v2\/pages\/2039\/revisions\/2041"}],"wp:attachment":[{"href":"https:\/\/valdelaguacaravanpark.com\/index.php\/wp-json\/wp\/v2\/media?parent=2039"}],"curies":[{"name":"wp","href":"https:\/\/api.w.org\/{rel}","templated":true}]}}

<div class="wpb-content-wrapper"><p>[vc_row][vc_column][vc_column_text]<strong><img decoding="async" class="aligncenter wp-image-2040 size-full lazyload" data-src="https://valdelaguacaravanpark.com/wp-content/uploads/2020/08/CABECERO-PANELES-INFORMATIVOS-copia.jpg" alt="" width="1529" height="180" data-srcset="https://valdelaguacaravanpark.com/wp-content/uploads/2020/08/CABECERO-PANELES-INFORMATIVOS-copia.jpg 1529w, https://valdelaguacaravanpark.com/wp-content/uploads/2020/08/CABECERO-PANELES-INFORMATIVOS-copia-300x35.jpg 300w, https://valdelaguacaravanpark.com/wp-content/uploads/2020/08/CABECERO-PANELES-INFORMATIVOS-copia-1024x121.jpg 1024w, https://valdelaguacaravanpark.com/wp-content/uploads/2020/08/CABECERO-PANELES-INFORMATIVOS-copia-768x90.jpg 768w, https://valdelaguacaravanpark.com/wp-content/uploads/2020/08/CABECERO-PANELES-INFORMATIVOS-copia-600x71.jpg 600w" data-sizes="(max-width: 1529px) 100vw, 1529px" src="data:image/svg+xml;base64,PHN2ZyB3aWR0aD0iMSIgaGVpZ2h0PSIxIiB4bWxucz0iaHR0cDovL3d3dy53My5vcmcvMjAwMC9zdmciPjwvc3ZnPg==" style="--smush-placeholder-width: 1529px; --smush-placeholder-aspect-ratio: 1529/180;" /></strong></p>
<p>[/vc_column_text][vc_tta_tabs][vc_tta_section title=»Español» tab_id=»1597763482170-115c728c-40c4&#8243;][vc_column_text]</p>
<p><strong>VALDELAGUA DEL CERRO</strong> es una población de origen incierto. A pesar de su privilegiada posición estratégica en lo alto de un cerro, dominando un extenso territorio de este a oeste, no parece tener la antigüedad de algunos pueblos cercanos, ni hay vestigios arqueológicos que lo atestigüen. Es probable que su nacimiento y desarrollo esté ligado al progreso de la ganadería lanar en la Castilla de la Baja Edad Media. La modernidad del topónimo del pueblo vendría a coincidir con esta circunstancia temporal, lo mismo que la posible construcción de la iglesia parroquial, un poco posterior y datable a comienzos del s. XVI</p>
<p>No obstante, en la misma línea apuntada de su posición estratégica, existe una opinión que señala el origen de Valdelagua como posición militar, teoría que se apoya en la denominación “<em>El castillo</em>”, que se aplica a la zona del extremo norte de la población.</p>
<p>&nbsp;</p>
<p>&nbsp;</p>
<p>Ambas teorías son compatibles, y aún complementarias, en tanto que al aprovechamiento de los pastos del lugar y el correspondiente asentamiento de la cabaña ganadera, se vería necesario establecer un punto defensivo y de vigilancia en prevención del robo de ganado. Pero con ser importante mantener la propiedad de tierras y reses, aún lo sería más la vigilancia que podía establecerse en estos cerros sobre la tierra llana de La Laguna de Añavieja y sobre el cauce del río Alhama, paso natural de acceso desde el Valle del Ebro a la Meseta, especialmente valioso en estas tierras de frontera. Con el asentamiento territorial de los diferentes reinos hispánicos, iría decayendo esta función estratégica.[/vc_column_text][/vc_tta_section][vc_tta_section title=»Inglés» tab_id=»1597763540016-7c9a223b-df3b»][vc_column_text]</p>
<audio class="wp-audio-shortcode" id="audio-2039-1" preload="none" style="width: 100%;" controls="controls"><source type="audio/mpeg" src="https://valdelaguacaravanpark.com/wp-content/uploads/2020/08/6_QR_historia_pueblo_ENG.mp3?_=1" /><a href="https://valdelaguacaravanpark.com/wp-content/uploads/2020/08/6_QR_historia_pueblo_ENG.mp3">https://valdelaguacaravanpark.com/wp-content/uploads/2020/08/6_QR_historia_pueblo_ENG.mp3</a></audio>
<p>[/vc_column_text][/vc_tta_section][/vc_tta_tabs][/vc_column][/vc_row]</p>
</div>

<p>[vc_row][vc_column][vc_column_text] [/vc_column_text][vc_tta_tabs][vc_tta_section title=»Español» tab_id=»1597763482170-115c728c-40c4&#8243;][vc_column_text] VALDELAGUA DEL CERRO es una población de origen incierto. A pesar de su privilegiada posición estratégica en lo alto de un cerro, dominando un extenso territorio de este a oeste, no parece tener la antigüedad de algunos pueblos cercanos, ni hay vestigios arqueológicos que lo atestigüen. Es probable que su nacimiento [&hellip;]</p>
